 76 is divided by 78/(-741) - (-59)/19.
1
Let j = 31 + -14. Let k be ((-21)/6)/((-2)/(-76)). Let v = -84 - k. What is the remainder when v is divided by j?
15
Let p(m) = -m**3 + 8*m**2 + 11*m - 18. Let l be p(9). Let t = 6 - 1. Suppose l = g + t - 28. What is the remainder when g is divided by 6?
5
Suppose 4*o = -3*n + 3*o + 26, -n = -5*o - 30. What is the remainder when 44 is divided by n?
4
Suppose -3*p + 12 = 2*f, 0 = 3*f - 3*p - 11 - 7. Calculate the remainder when ((-12)/5 - -2) + (-1336)/(-40) is divided by f.
3
Let n(f) = f**3 + 8*f**2 + 11*f + 11. Let r(c) = 3*c**2 - c + 1. Calculate the remainder when r(-3) is divided by n(-6).
14
Let i(m) = -m**3 - 7*m**2 + 6*m + 14. Let f be i(-8). Suppose -f*s = -34*s + 76. What is the remainder when s is divided by 5?
4
Suppose -z - z = 2*f - 2, -5*f + 19 = -2*z. Suppose 0 = -h - 4*x - 14, -h + 3*h - 16 = f*x. Calculate the remainder when 3 is divided by h.
1
Let v(i) = 23*i**2 + 4*i + 24. Let o(j) = 11*j**2 + 2*j + 12. Let y(q) = 13*o(q) - 6*v(q). What is the remainder when y(-5) is divided by 32?
31
Let g be (3 + 234/(-30))/(1/(-5)). Calculate the remainder when 28 is divided by (-2 - (-26)/3)*g/10.
12
Suppose -3*l + 8*f + 2427 = 5*f, 4*l + 4*f - 3196 = 0. Suppose -l + 393 = -3*x. Calculate the remainder when x is divided by 46.
45
Let c = 720 - 315. Calculate the remainder when c is divided by 29.
28
Suppose -11*y = -8*y - 48. Suppose -2*c + 2 + y = 0. Calculate the remainder when 25 is divided by c.
7
Let d(x) = -2*x**2 + 4*x + 5. Let h be d(-3). Let q = 35 + h. Let j = 24 - q. Calculate the remainder when 40 is divided by j.
12
Let j = 13 - 12. Let b(i) = -23*i + 4. Let m(c) = c - 1. Let d(u) = -b(u) - 6*m(u). Calculate the remainder when 74 is divided by d(j).
17
Let k(i) = 116*i - 36. What is the remainder when k(4) is divided by 11?
10
Let v(p) = -p**2 + 2*p. Let u be v(0). Suppose 0 = -2*w - l + 3*l + 58, u = 4*w + 4*l - 132. Calculate the remainder when 91 is divided by w.
29
Let p = 1087 - 1075. Calculate the remainder when 35 is divided by p.
11
Let m(g) = -4*g - 4. Let w be m(-3). Let a(x) = x**3 + 5*x**2 + 4*x - 5. Let h be a(-4). Let k = h + w. What is the remainder when 10 is divided by k?
1
Suppose -2*r - 6 = 4, -r - 2950 = -5*z. What is the remainder when z is divided by 11?
6
Let f be (16/(-6))/((-18)/54). Suppose f*d - 18 = 9*d. Calculate the remainder when (54/(-10))/(d/60) is divided by 7.
4
Suppose 0 = 18*a - 1474 + 322. Calculate the remainder when 149 is divided by a.
21
Suppose 0 = 2*x - 86 - 12. Suppose -3*d - 9 = 3*l + 3, -3*l + 8 = -2*d. Let y(b) = -5*b - 3. What is the remainder when x is divided by y(d)?
15
Suppose 4*b + 96 = 2*f, -4*f - 5*b - 74 = -240. Suppose 0 = -4*v + 40 - 4. What is the remainder when f is divided by v?
8
Suppose -3*z - 3*j = -36, -24 = -3*z - 5*j + 8*j. What is the remainder when 13 is divided by z?
3
Let z be 16 - 3*(-3)/(-9). Suppose -5*b + x + 6 = -6, x - 4 = -3*b. What is the remainder when (-342)/z*(-3 - b) is divided by 29?
27
Let j be (-3*5)/(1/(-4)). Suppose -4*s - 5*k = 21, 2*s + 10 = -k + 7. What is the remainder when 27 is divided by (2/s)/(8/j)?
12
What is the remainder when 50 is divided by (-152)/(-12) + 1/(9/(-6))?
2
What is the remainder when 143 is divided by (-10 - -11 - -59)*(-12)/(-10)?
71
Suppose 2*u - 7*u - 81 = -3*s, 0 = s + 5*u - 47. Let j = 45 - s. Let y = 1 - -3. Calculate the remainder when j is divided by y.
1
Let k be -3 + 1/2*38. Suppose k = 7*v - 3*v. What is the remainder when 14 is divided by v?
2
Let f(b) = 9*b + 5. Let d(k) = -34*k - 21. Let z(j) = -2*d(j) - 9*f(j). What is the remainder when z(-5) is divided by 16?
14
What is the remainder when 29 is divided by 42/(-7)*1 - -10?
1
Suppose -2*t = -24*t + 330. What is the remainder when (-1 - 85)*(-3)/(-8 - -14) is divided by t?
13
Let h(s) = 4*s + 194. Let m = 60 + -43. What is the remainder when m is divided by h(-46)?
7
Let i(n) = 2*n**3 - 2*n**2 - 1. Let m(k) = -k**3 - 12*k**2 + k. Let g be m(-12). Let h = g + 17. Calculate the remainder when i(2) is divided by h.
2
Suppose j = -j. Let k(n) = n**3 - n + 45. Let m be k(j). Let c = -19 + m. Calculate the remainder when c is divided by 9.
8
Let h be (-160)/25*-2*5/4. Suppose h = f - 27. What is the remainder when 256 is divided by f?
41
Let s(q) = q**3 + 7*q**2 - 15*q - 6. What is the remainder when s(-7) is divided by 95?
4
Suppose 3*w + 2*w = 365. What is the remainder when w is divided by ((-250)/30)/(5/(-15))?
23
Let p = -287 - -439. What is the remainder when p is divided by 13?
9
Calculate the remainder when ((7 + 1)/(-8))/(1/(-63)) is divided by 19.
6
Suppose 18*y + 232 = 952. What is the remainder when y is divided by 22?
18
Let r(w) = 43*w - 296. What is the remainder when r(7) is divided by 2?
1
Let o(n) = -n + 27. Let i = 91 + -73. What is the remainder when 26 is divided by o(i)?
8
Let a = 2 + -5. Let o be (-2 - a)/((-3)/(-9)). Suppose -b - p + 5 - 1 = 0, -p = -o*b + 24. Calculate the remainder when 19 is divided by b.
5
Let t(o) = 3*o + 4. Let k be -2 + 18/4 + 2/(-4). Let g(q) = 4*q**2 + q + 1. Calculate the remainder when g(2) is divided by t(k).
9
Suppose 920 + 1480 = 4*r. What is the remainder when r is divided by 14?
12
Suppose 0 = 2*h - 67 + 11. Calculate the remainder when 53 is divided by (-16)/h + 162/14.
9
Let i = 34 + -10. Calculate the remainder when 46 is divided by i.
22
Suppose 50 = j - u, -8 = -3*u + 7*u. Let h = 100 - j. Calculate the remainder when h is divided by 28.
24
Let d = -3 - -8. Let r(m) be the second derivative of 9*m**5/10 - m**3/6 + 10*m. What is the remainder when r(1) is divided by d?
2
Suppose 0 = -7*i + 98 - 14. Suppose 10*l = 447 - 17. Calculate the remainder when l is divided by i.
7
Suppose 17 = 2*x - 23. Suppose 0 = -r - 3*w - 3, -2*r + 2*w + x = -14. Let o(i) = 9*i + 2. Calculate the remainder when o(5) is divided by r.
11
Let c(t) = t**2 + 7*t - 2. Let n = -73 + -47. Let s be n/14 + 68/119. Calculate the remainder when 20 is divided by c(s).
2
Suppose -2*c + 12 = 2*c. Let t be c*((-3)/(-1) - 6). Let m = 32 + t. What is the remainder when 64 is divided by m?
18
Let o be 6/(-10) - ((-14)/(-10) + 0). Calculate the remainder when 32 is divided by (-1 - -10)/((o + 1)/(-1)).
5
Let y be 1/6 - (-17330)/(-12). Let h be y/(-6) - (-10)/(-15). Suppose -o - h = -6*o. What is the remainder when o is divided by 13?
9
Let l(p) = 15*p - 8. What is the remainder when l(2) is divided by 8?
6
Let g(d) = -d**2 + d - 2. Let j be g(-3). Calculate the remainder when (-780)/j - 2/(-7) is divided by 19.
18
Suppose 12*z - 2*s - 101 = 9*z, 3*z = -s + 89. Calculate the remainder when 53 is divided by z.
22
Suppose 3*t + 6*o - 120 = o, -3*t + 90 = -5*o. What is the remainder when 162 is divided by t?
22
Suppose 0 = -k + 3, 4*l + 25 = -3*k + 894. Calculate the remainder when l is divided by 17.
11
Suppose -160 = 36*s - 38*s. Calculate the remainder when s is divided by 18.
8
Let r = -28 + 53. What is the remainder when 112 is divided by r?
12
Suppose -5*s + 67 = -4*y, -5*s - 39*y = -38*y - 52. Calculate the remainder when 53 is divided by s.
9
Let n = -23 + 53. Calculate the remainder when (9/(-2))/(57/n - 2) is divided by 12.
9
Let m(l) = -2*l - 5. Let w(k) = k + 1. Let v(x) = -m(x) - 4*w(x). What is the remainder when 40 is divided by v(-10)?
19
Let z(w) = 27*w + 12. Let x(r) = -7*r - 3. Let k(b) = 9*x(b) + 2*z(b). Suppose -f + 0*f - 3 = 0. Calculate the remainder when 94 is divided by k(f).
22
Let k = 18 - 14. Suppose 4*d + 32 = 2*x, -9 = -k*d - 25. Let s(u) = -u**2 + 10*u + 20. Calculate the remainder when s(9) is divided by x.
5
Let r(y) = -y + 4*y + y + 32 - 5*y. Let w = 1 - -9. Calculate the remainder when r(-6) is divided by w.
8
Suppose 18*s + 485 - 827 = 0. Suppose u = 3*f - 99, 5*f + u = -4*u + 185. Calculate the remainder when f is divided by s.
15
Let d(b) = -b**3 + 11*b**2 + 11*b + 29. What is the remainder when 22 is divided by d(12)?
5
Suppose -l + 4*l + 1 = g, 4*l = -3*g + 3. Suppose l = 4*m - 41 - 3. Let t(n) = 32*n - 107. Calculate the remainder when t(4) is divided by m.
10
Suppose 0 = -x + 7*x - 108. Let g = -93 - -140. What is the remainder when g is divided by x?
11
Let v(u) = 2*u**2 - 10*u + 3. Calculate the remainder when 16/3*(-621)/(-18) is divided by v(-2).